, 19
Suppose 6*z = 3*z + 2274. Suppose 4*s + 3*r - z = 0, 5*s - 378 = 3*s - r. List the prime factors of s.
2, 47
Let y = -117 - -107. List the prime factors of (-328)/y - (-16)/60*-3.
2
Let z(p) = 213*p**3 + 3*p**2 - 20*p + 42. What are the prime factors of z(2)?
2, 859
Let n(j) = -9*j + 58. List the prime factors of n(-29).
11, 29
Let r = -578 - -1702. List the prime factors of r.
2, 281
Let k(d) = 58*d - 9. Let l(p) = 59*p - 10. Let f(j) = 6*k(j) - 5*l(j). What are the prime factors of f(2)?
2, 3, 17
Let f(v) = 13*v + 45. Suppose 2*l = -3*u + 14, 4*l - 9 - 27 = -2*u. List the prime factors of f(l).
5, 7
Suppose 3*o - o = 18. Let u(z) = 7*z + 5. List the prime factors of u(o).
2, 17
Suppose -4*h + 183 = 4*c + 31, 3*h - 110 = -4*c. List the prime factors of (-75)/(-4) + h/(-56).
2, 3
Suppose -14 = -2*g - 2*z - 4, 4*g - 4*z + 4 = 0. Suppose -136 = -4*q + g*q. Suppose 2*a - m = 65, -8*m - q = -2*a - 4*m. What are the prime factors of a?
2
Let d be (4/8*6)/1. Suppose d*b - 72 - 30 = 0. Suppose 4*l + 3*o + b = 122, -l + o + 29 = 0. What are the prime factors of l?
5
Let c(p) = -715*p + 416. List the prime factors of c(-4).
2, 3, 7, 13
Let o(n) = -6*n - 4. Let a be o(-2). Suppose 2*m - a*m + 306 = 0. What are the prime factors of m?
3, 17
What are the prime factors of (-4)/8 - ((-55881)/(-18))/(-7)?
443
Let y be (480/(-4))/5 + (-2 - -2). List the prime factors of (154/(-4))/(4/y).
3, 7, 11
Suppose -4*o = 3*a + 56, -5*o + 21 = -3*a - 2*o. What are the prime factors of (-4 - 56/a)/(1/12)?
2
Suppose 3*g - 30 = 2*g. Suppose -4*v - 5*z = -56, 5 = 3*v + 2*z - g. Suppose -15*f = -v*f - 60. List the prime factors of f.
2, 5
Let k(c) = -c**3 - 3*c**2 - c - 3. Let w be k(-4). Let a = w - 14. Suppose -d - 120 = -3*l - 6*d, -a = -d. List the prime factors of l.
5, 7
Let h(q) = 3*q - 44. Let r(m) = 3*m - 50. Let y(j) = 6*h(j) - 5*r(j). Let a be (-10 - -1)/((-6)/4). What are the prime factors of y(a)?
2
Let j = 2794 + -382. List the prime factors of j.
2, 3, 67
Suppose -o + 15 = 4*o. Suppose 0 = 2*j + 2*n - 22, 2*j = -o*j - 3*n + 51. List the prime factors of (j/4)/3*4.
3
Let j(s) = -5*s + 24. Let p(w) = 4*w - 25. Let c(n) = -7*j(n) - 6*p(n). List the prime factors of c(10).
2, 23
Let j(k) = -5*k + 5*k - 2*k - 7 - 3. Let q(p) = -2*p - 9. Let n(f) = 2*j(f) - 3*q(f). List the prime factors of n(4).
3, 5
Suppose -3*k = 3*z - 43 - 5, -3*z = -2*k - 48. Suppose -2*c + 2*m = z, 3*m - 4*m = 4*c + 37. Let x = 15 + c. What are the prime factors of x?
2, 3
Let k(s) = 846*s**2 + 7 - 842*s**2 - 5*s - 14*s. List the prime factors of k(9).
2, 5
Let y(l) = -l**3 - 9*l**2 - 4. Let w be y(-9). Let v = 6 - w. Suppose 13 + v = i. What are the prime factors of i?
23
Suppose 4*x - 2*x - 5*c - 32 = 0, 0 = 4*x + 4*c - 8. Suppose -124 - 770 = -x*t. List the prime factors of t.
149
Let q(y) = -8*y - 54. Let z be q(-6). What are the prime factors of z/(-4)*7*46/3?
7, 23
Let m be (-3378)/(-18) + -4 + 2/6. Let l = 0 - -3. Suppose m = t + l*t. What are the prime factors of t?
2, 23
Let y(h) = 7*h**2 + 25*h + 149. What are the prime factors of y(-8)?
397
Let z = 1 - -31. Suppose -d - d + 4*g + z = 0, 3*d = 3*g + 33. What are the prime factors of (-10)/15 + 70/d?
11
Let d be 100*1/(1 - 3). Let v be 126/10 - 20/d. Suppose v*c = 12*c + 25. What are the prime factors of c?
5
Suppose 5*x - 19 = r - 2*r, 0 = 3*r + 2*x - 18. List the prime factors of 226*((-40)/(-144) - r/(-18)).
113
Let v(m) = 18*m**2 + 10*m - 18. List the prime factors of v(3).
2, 3, 29
Suppose 6*y = -2 + 20. Let i be 5 - (-6)/(1*-3). Suppose i*p - 63 + y = 0. List the prime factors of p.
2, 5
Suppose -5*f + 39 - 14 = 0. Suppose 0 = -f*w + 9*w - 20. Suppose -6*k = -w*k - 27. What are the prime factors of k?
3
Suppose 37*i = 29*i + 216. What are the prime factors of i?
3
Let x = -40 - -74. Let g = 94 + x. What are the prime factors of g?
2
Let i(o) = -o**2 - o + 1. Let y(q) = -q**3. Let w(s) = -i(s) - 3*y(s). Let d be w(2). Let b = -17 + d. What are the prime factors of b?
2, 3
Let n(t) = -15*t**3 + t**2 + 5*t + 1. What are the prime factors of n(-3)?
2, 5
Let r be -30*120/54 - 2/6. Let p = r - -142. What are the prime factors of p?
3, 5
Suppose -2*m - 146 + 2 = 0. Let i = m - -148. List the prime factors of i.
2, 19
Suppose 5*j - 4*o = 69, 2*j - 28 = -o + 3*o. Suppose h - 10 = -4*h, 4*h = -a + 31. Suppose -a = -c + j. What are the prime factors of c?
2, 3
Let n be 1 - ((-2)/(-11) + (-24)/11). Suppose -2*q = -6*q - 5*t + 15, -4*q + n*t + 55 = 0. List the prime factors of q.
2, 5
Let x(i) = -i**2 - i + 89. Let z = 10 + -10. List the prime factors of x(z).
89
Let o = 19 - 19. Suppose o - 2 = -h. Suppose 0 = -4*n + x + 154, -h*n + 119 = n + x. What are the prime factors of n?
3, 13
Let s(r) = -r**3 - 8*r**2 - 6*r. Let w be s(-7). Let y(g) = -g**2 - 21*g - 13. List the prime factors of y(w).
5, 17
Let a = 43 - 41. Suppose 0 = -3*h + 3*x + 381, 4*x + 11 = -a*h + 241. What are the prime factors of h?
3, 41
What are the prime factors of (4248/15)/((-36)/(-90))?
2, 3, 59
Let g(p) = 4*p**2 + 2*p - 4. Let m be g(3). Let q = m - 23. What are the prime factors of q?
3, 5
Let a be 3/(-6)*2 + 5. Suppose -5 = -a*o + 15. Suppose 5*g + 7 = d - 34, -o*d - 3*g + 65 = 0. List the prime factors of d.
2
List the prime factors of 48/(4 - 366/96).
2
Let r(y) = -y**3 + 27*y**2 - 30*y - 97. List the prime factors of r(25).
13, 31
Let i = -315 + 680. Let h = i + -124. What are the prime factors of h?
241
Let g(a) = -1. Let k(m) = 16*m + 6. Let n(d) = -5*g(d) - k(d). What are the prime factors of n(-2)?
31
Let o be (2/(-6) - -1)*(-120)/(-16). List the prime factors of (2/o)/((24/735)/8).
2, 7
Let i = -2454 - -1272. What are the prime factors of (2 - -1)/(i/(-196) - 6)?
2, 7
Suppose -119 = -4*p + 81. Suppose f + 28 = -y, f - 3*f - p = 5*y. List the prime factors of ((-8)/3)/(20/f).
2
Let m = 20 - 21. Let y be (4 - 2)*m + 25. Let w = 57 - y. List the prime factors of w.
2, 17
Suppose -275 = 4*a - 995. List the prime factors of a.
2, 3, 5
Let a(s) be the first derivative of 2*s**2 + 5*s - 21. What are the prime factors of a(5)?
5
Let o(v) = -23*v + 76. Let d be o(16). Let w = d - -512. List the prime factors of w.
2, 5, 11
Let z(y) = 6*y**2 - 16*y - 210. List the prime factors of z(-19).
2, 5, 113
Let s(g) = -53*g - 12. List the prime factors of s(-6).
2, 3, 17
Let c = 80 + -76. What are the prime factors of c/(-10) - 967/(-5)?
193
Let u be 3*1/(2 - -1). Suppose u + 14 = -5*k. What are the prime factors of (-13)/k - 15/45?
2
Let h(d) = d**2. Let o be h(-1). Let t be (2 - o) + (-23)/(-1). List the prime factors of ((-16)/t)/((-2)/57).
19
Let u = 1034 + -297. List the prime factors of u.
11, 67
Suppose 0*m = -4*m + 64. Let z(l) = l**2 - 14*l + 9. What are the prime factors of z(m)?
41
Let i(w) = -w**3 + w**2 + 6*w - 9. Let n be i(3). List the prime factors of (12/4)/(n/(-159)).
53
Suppose -2*z + 13 + 7 = 0. Let o be 13/(-1) - (-10)/z. List the prime factors of (-3)/o - 534/(-8).
67
List the prime factors of (963/6)/(-3 - (-630)/204).
17, 107
Suppose -5*j - 3*r + 299 = r, -r = -4*j + 256. Suppose -j = -d + 4*o, -o - 4*o - 161 = -3*d. Let l = -22 + d. What are the prime factors of l?
5
Let z(h) = -h - 1. Let l(q) = 0*q + 0 + 4*q + 8 - 2. Let i(x) = 2*l(x) + 10*z(x). List the prime factors of i(-3).
2
List the prime factors of 15740/25 - (-9)/((-135)/(-6)).
2, 3, 5, 7
Let d = -16 + 52. Let h be (5/(-4))/(3/d). Let y = -7 - h. What are the prime factors of y?
2
Let h(n) = 6*n**2 + 6*n + 4. Let t be h(-4). Let x = t + 140. List the prime factors of x.
2, 3
Let l(r) = r**2 + r - 5. Let d(o) = 2*o - 3. Let w be d(-4). List the prime factors of l(w).
3, 5, 7
Let h = -18 - -13. Let v(z) = -z**2 - 5*z + 2. Let s be v(h). What are the prime factors of s/9 - 1880/(-45)?
2, 3, 7
Let j(s) = 8*s**3 - 7*s**2 + 11*s - 9. What are the prime factors of j(4)?
3, 5, 29
What are the prime factors of 770/15 + (-7)/21?
3, 17
Suppose 0 = h + 4 + 2. What are the prime factors of -11*(h - -1) - 0?
5, 11
Let z(c) = 2*c**3 - 9*c**2 + 2*c + 30. What are the prime factors of z(7)?
17
Let f(u) = -u**3 - 4. Let t be f(-2). Suppose j - 136 = 4*j - 4*c, 2*c = t*j + 168. Let o = j - -96. List the prime factors of o.
2, 7
Suppose -5*x + 5*r + 9534 = -1981, 5*r - 2309 = -x. What are the prime fa